{"id":920,"date":"2022-04-03T11:41:31","date_gmt":"2022-04-03T11:41:31","guid":{"rendered":"https:\/\/victorthemes.com\/themes\/fraxos\/?page_id=920"},"modified":"2023-11-10T16:29:13","modified_gmt":"2023-11-10T16:29:13","slug":"accueil","status":"publish","type":"page","link":"https:\/\/i-f.fr\/","title":{"rendered":"Accueil"},"content":{"rendered":"<section class=\"wpb-content-wrapper\"><p>[vc_row overlay_dotted=\u00a0\u00bb\u00a0\u00bb][vc_column need_animation=\u00a0\u00bb\u00a0\u00bb]<div class=\"frxo-full-page frxo-split-slider-wrap frxo-slider-page\"><div class=\"frxo-splitted-slider  fraxos-slider-69d95b3f9d7f7  SliderAccueil\"><div class=\"ms-left\"><div class=\"ms-section frxo-left-side light-logo dark-menu\" id=\"left0\">\n              <div class=\"frxo-slide-wrap\">\n                <div class=\"frxo-background\" style=\"background-image: url(https:\/\/i-f.fr\/wp-content\/uploads\/2023\/03\/4.jpg);\"><\/div>\n              <\/div>\n            <\/div><div class=\"ms-section frxo-left-side dark-logo dark-menu\" id=\"left1\">\n          <div class=\"frxo-slide-wrap\">\n            <div class=\"frxo-table-wrap\">\n              <div class=\"frxo-align-wrap\">\n                <div class=\"slider-text slider-caption slider-caption-spacer-two\"><h5 class=\"slider-subtitle\">Illustrateurs, plasticiens, s\u00e9rigraphes, designers, concerts et animations au programme<\/h5><h2 class=\"slider-title\">Oasis, march\u00e9 de jeunes cr\u00e9ateurs<\/h2>\n                  <div class=\"frxo-btn-wrap\"><a href=\"https:\/\/drive.google.com\/file\/d\/1Gn0KrID36S3WzLctOhuzWE_vhkaPdtXc\/view\" class=\"frxo-btn\"><span class=\"frxo-btn-text\">Dossier de candidature 2022<\/span><\/a><\/div>\n                <\/div>\n              <\/div>\n            <\/div>\n          <\/div>\n        <\/div><div class=\"ms-section frxo-left-side dark-logo dark-menu\" id=\"left2\">\n              <div class=\"frxo-slide-wrap\">\n                <div class=\"frxo-background\" style=\"background-image: url(https:\/\/i-f.fr\/wp-content\/uploads\/2023\/03\/Confluence-a-Candes.jpg);\"><\/div>\n              <\/div>\n            <\/div><div class=\"ms-section frxo-left-side dark-logo dark-menu\" id=\"left3\">\n          <div class=\"frxo-slide-wrap\">\n            <div class=\"frxo-table-wrap\">\n              <div class=\"frxo-align-wrap\">\n                <div class=\"slider-text slider-caption slider-caption-spacer-two\"><h5 class=\"slider-subtitle\">Locations \u00e0 prix r\u00e9duits<\/h5><h2 class=\"slider-title\">H\u00e9bergements<\/h2><p>Pour accompagner le d\u00e9veloppement des \u00e9v\u00e9nements culturels locaux, IF met \u00e0 disposition des h\u00e9bergements \u00e0 prix abordables.<\/p>\n                  <div class=\"frxo-btn-wrap\"><a href=\"https:\/\/i-f.fr\/?page_id=874\" class=\"frxo-btn\"><span class=\"frxo-btn-text\">En savoir plus<\/span><\/a><\/div>\n                <\/div>\n              <\/div>\n            <\/div>\n          <\/div>\n        <\/div><div class=\"ms-section frxo-left-side dark-logo dark-menu\" id=\"left4\">\n              <div class=\"frxo-slide-wrap\">\n                <div class=\"frxo-background\" style=\"background-image: url(https:\/\/i-f.fr\/wp-content\/uploads\/2023\/03\/prog-fond.jpg);\"><\/div>\n              <\/div>\n            <\/div><\/div><div class=\"ms-right\"><div class=\"ms-section frxo-right-side dark-logo dark-menu\" id=\"right0\">\n          <div class=\"frxo-slide-wrap\">\n            <div class=\"frxo-table-wrap\">\n              <div class=\"frxo-align-wrap\">\n                <div class=\"slider-text slider-caption \"><h2 class=\"slider-title\">R\u00e9sidences artistiques<\/h2><h5 class=\"slider-subtitle\">Artistes et Designers<\/h5><p>Depuis 2017 et ce tous les ans, IF accueille en r\u00e9sidence des artistes et designers.<\/p>\n                <div class=\"frxo-btn-wrap\"><a href=\"https:\/\/i-f.fr\/?page_id=1992\" class=\"frxo-btn\"><span class=\"frxo-btn-text\">En savoir plus<\/span><\/a><\/div>\n              <\/div>\n            <\/div>\n          <\/div>\n        <\/div><\/div><div class=\"ms-section frxo-right-side dark-logo dark-menu\" id=\"right1\">\n              <div class=\"frxo-slide-wrap\">\n                <div class=\"frxo-background\" style=\"background-image: url(https:\/\/i-f.fr\/wp-content\/uploads\/2023\/03\/19055298_1735415143137138_5869305126526964917_o.jpg);\"><\/div>\n              <\/div>\n            <\/div><div class=\"ms-section frxo-right-side dark-logo dark-menu\" id=\"right2\">\n          <div class=\"frxo-slide-wrap\">\n            <div class=\"frxo-table-wrap\">\n              <div class=\"frxo-align-wrap\">\n                <div class=\"slider-text slider-caption slider-caption-spacer-two\"><h5 class=\"slider-subtitle\">Un projet participatif pour explorer et valoriser la Vienne<\/h5><h2 class=\"slider-title slider-caption-spacer-two\">Actualit\u00e9 : Appel \u00e0 la Vienne<\/h2><p><p>IF se jette \u00e0 l\u2019eau et lance son appel \u00e0 la Vienne. Dans la lign\u00e9e du Parlement de Loire, un collectif de citoyens souhaite mettre la rivi\u00e8re Vienne en lumi\u00e8re et \u00e9couter son r\u00e9cit.<\/p>\n\n<p><a href=\"https:\/\/www.youtube.com\/watch?v=BHasd_Btwug\" target=\"_blank\">R\u00e9union du 4 Avril 2023<\/a><\/p>\n\n<p><a href=\"https:\/\/www.youtube.com\/watch?v=4w-xWBjZCT8\" target=\"_blank\">R\u00e9union du 27 Juin 2023<\/a><\/p>\n\n<p><a href=\"https:\/\/www.youtube.com\/watch?v=UVtChv-IVMc\" target=\"_blank\">R\u00e9union du 21 Septembre 2023<\/a><\/p>\n<\/p>\n                <div class=\"frxo-btn-wrap\"><a href=\"https:\/\/i-f.fr\/wp-content\/uploads\/2023\/03\/Appel-a-la-Vienne.pdf\" class=\"frxo-btn\"><span class=\"frxo-btn-text\">En savoir plus<\/span><\/a><\/div>\n              <\/div>\n            <\/div>\n          <\/div>\n        <\/div><\/div><div class=\"ms-section frxo-right-side dark-logo dark-menu\" id=\"right3\">\n              <div class=\"frxo-slide-wrap\">\n                <div class=\"frxo-background\" style=\"background-image: url(https:\/\/i-f.fr\/wp-content\/uploads\/2023\/03\/DSC04232-scaled.jpg);\"><\/div>\n              <\/div>\n            <\/div><div class=\"ms-section frxo-right-side dark-logo dark-menu\" id=\"right4\">\n          <div class=\"frxo-slide-wrap\">\n            <div class=\"frxo-table-wrap\">\n              <div class=\"frxo-align-wrap\">\n                <div class=\"slider-text slider-caption \"><h2 class=\"slider-title\">Programmation<\/h2><h5 class=\"slider-subtitle\">\u00c9v\u00e9n\u00e9ments, concerts, conf\u00e9rences, expositions<\/h5><p>Retrouvez les \u00e9v\u00e9nements \u00e0 venir et la programmation pass\u00e9e. N'h\u00e9sitez pas \u00e0 nous contacter pour parler de votre projet.<\/p>\n                <div class=\"frxo-btn-wrap\"><a href=\"https:\/\/i-f.fr\/?page_id=797\" class=\"frxo-btn\"><span class=\"frxo-btn-text\">En savoir plus<\/span><\/a><\/div>\n              <\/div>\n            <\/div>\n          <\/div>\n        <\/div><\/div><\/div><\/div><div class=\"frxo-split-slider-responsive\"><div class=\"frxo-left-side-responsive bg-image light-logo dark-menu\">\n                <div class=\"frxo-slide-wrap\">\n                  <div class=\"frxo-background\" style=\"background-image: url(https:\/\/i-f.fr\/wp-content\/uploads\/2023\/03\/4.jpg);\"><\/div>\n                <\/div>\n              <\/div><div class=\"frxo-left-side-responsive slide-content dark-logo dark-menu\">\n            <div class=\"frxo-slide-wrap\">\n              <div class=\"frxo-table-wrap\">\n                <div class=\"frxo-align-wrap\">\n                  <div class=\"slider-text slider-caption \"><h2 class=\"slider-title\">R\u00e9sidences artistiques<\/h2><h5 class=\"slider-subtitle\">Artistes et Designers<\/h5><p>Depuis 2017 et ce tous les ans, IF accueille en r\u00e9sidence des artistes et designers.<\/p>\n                    <div class=\"frxo-btn-wrap\"><a href=\"https:\/\/i-f.fr\/?page_id=1992\" class=\"frxo-btn\"><span class=\"frxo-btn-text\">En savoir plus<\/span><\/a><\/div>\n                  <\/div>\n                <\/div>\n              <\/div>\n            <\/div>\n          <\/div><\/div><div class=\"frxo-split-slider-responsive\"><div class=\"frxo-left-side-responsive bg-image dark-logo dark-menu\">\n                <div class=\"frxo-slide-wrap\">\n                  <div class=\"frxo-background\" style=\"background-image: url(https:\/\/i-f.fr\/wp-content\/uploads\/2023\/03\/19055298_1735415143137138_5869305126526964917_o.jpg);\"><\/div>\n                <\/div>\n              <\/div><div class=\"frxo-left-side-responsive slide-content dark-logo dark-menu\">\n            <div class=\"frxo-slide-wrap\">\n              <div class=\"frxo-table-wrap\">\n                <div class=\"frxo-align-wrap\">\n                  <div class=\"slider-text slider-caption \"><h5 class=\"slider-subtitle\">Illustrateurs, plasticiens, s\u00e9rigraphes, designers, concerts et animations au programme<\/h5><h2 class=\"slider-title\">Oasis, march\u00e9 de jeunes cr\u00e9ateurs<\/h2>\n                    <div class=\"frxo-btn-wrap\"><a href=\"https:\/\/drive.google.com\/file\/d\/1Gn0KrID36S3WzLctOhuzWE_vhkaPdtXc\/view\" class=\"frxo-btn\"><span class=\"frxo-btn-text\">Dossier de candidature 2022<\/span><\/a><\/div>\n                  <\/div>\n                <\/div>\n              <\/div>\n            <\/div>\n          <\/div><\/div><div class=\"frxo-split-slider-responsive\"><div class=\"frxo-left-side-responsive bg-image dark-logo dark-menu\">\n                <div class=\"frxo-slide-wrap\">\n                  <div class=\"frxo-background\" style=\"background-image: url(https:\/\/i-f.fr\/wp-content\/uploads\/2023\/03\/Confluence-a-Candes.jpg);\"><\/div>\n                <\/div>\n              <\/div><div class=\"frxo-left-side-responsive slide-content dark-logo dark-menu\">\n            <div class=\"frxo-slide-wrap\">\n              <div class=\"frxo-table-wrap\">\n                <div class=\"frxo-align-wrap\">\n                  <div class=\"slider-text slider-caption \"><h5 class=\"slider-subtitle\">Un projet participatif pour explorer et valoriser la Vienne<\/h5><h2 class=\"slider-title\">Actualit\u00e9 : Appel \u00e0 la Vienne<\/h2><p><p>IF se jette \u00e0 l\u2019eau et lance son appel \u00e0 la Vienne. Dans la lign\u00e9e du Parlement de Loire, un collectif de citoyens souhaite mettre la rivi\u00e8re Vienne en lumi\u00e8re et \u00e9couter son r\u00e9cit.<\/p>\n\n<p><a href=\"https:\/\/www.youtube.com\/watch?v=BHasd_Btwug\" target=\"_blank\">R\u00e9union du 4 Avril 2023<\/a><\/p>\n\n<p><a href=\"https:\/\/www.youtube.com\/watch?v=4w-xWBjZCT8\" target=\"_blank\">R\u00e9union du 27 Juin 2023<\/a><\/p>\n\n<p><a href=\"https:\/\/www.youtube.com\/watch?v=UVtChv-IVMc\" target=\"_blank\">R\u00e9union du 21 Septembre 2023<\/a><\/p>\n<\/p>\n                    <div class=\"frxo-btn-wrap\"><a href=\"https:\/\/i-f.fr\/wp-content\/uploads\/2023\/03\/Appel-a-la-Vienne.pdf\" class=\"frxo-btn\"><span class=\"frxo-btn-text\">En savoir plus<\/span><\/a><\/div>\n                  <\/div>\n                <\/div>\n              <\/div>\n            <\/div>\n          <\/div><\/div><div class=\"frxo-split-slider-responsive\"><div class=\"frxo-left-side-responsive bg-image dark-logo dark-menu\">\n                <div class=\"frxo-slide-wrap\">\n                  <div class=\"frxo-background\" style=\"background-image: url(https:\/\/i-f.fr\/wp-content\/uploads\/2023\/03\/DSC04232-scaled.jpg);\"><\/div>\n                <\/div>\n              <\/div><div class=\"frxo-left-side-responsive slide-content dark-logo dark-menu\">\n            <div class=\"frxo-slide-wrap\">\n              <div class=\"frxo-table-wrap\">\n                <div class=\"frxo-align-wrap\">\n                  <div class=\"slider-text slider-caption \"><h5 class=\"slider-subtitle\">Locations \u00e0 prix r\u00e9duits<\/h5><h2 class=\"slider-title\">H\u00e9bergements<\/h2><p>Pour accompagner le d\u00e9veloppement des \u00e9v\u00e9nements culturels locaux, IF met \u00e0 disposition des h\u00e9bergements \u00e0 prix abordables.<\/p>\n                    <div class=\"frxo-btn-wrap\"><a href=\"https:\/\/i-f.fr\/?page_id=874\" class=\"frxo-btn\"><span class=\"frxo-btn-text\">En savoir plus<\/span><\/a><\/div>\n                  <\/div>\n                <\/div>\n              <\/div>\n            <\/div>\n          <\/div><\/div><div class=\"frxo-split-slider-responsive\"><div class=\"frxo-left-side-responsive bg-image dark-logo dark-menu\">\n                <div class=\"frxo-slide-wrap\">\n                  <div class=\"frxo-background\" style=\"background-image: url(https:\/\/i-f.fr\/wp-content\/uploads\/2023\/03\/prog-fond.jpg);\"><\/div>\n                <\/div>\n              <\/div><div class=\"frxo-left-side-responsive slide-content dark-logo dark-menu\">\n            <div class=\"frxo-slide-wrap\">\n              <div class=\"frxo-table-wrap\">\n                <div class=\"frxo-align-wrap\">\n                  <div class=\"slider-text slider-caption \"><h2 class=\"slider-title\">Programmation<\/h2><h5 class=\"slider-subtitle\">\u00c9v\u00e9n\u00e9ments, concerts, conf\u00e9rences, expositions<\/h5><p>Retrouvez les \u00e9v\u00e9nements \u00e0 venir et la programmation pass\u00e9e. N'h\u00e9sitez pas \u00e0 nous contacter pour parler de votre projet.<\/p>\n                    <div class=\"frxo-btn-wrap\"><a href=\"https:\/\/i-f.fr\/?page_id=797\" class=\"frxo-btn\"><span class=\"frxo-btn-text\">En savoir plus<\/span><\/a><\/div>\n                  <\/div>\n                <\/div>\n              <\/div>\n            <\/div>\n          <\/div><\/div>[\/vc_column][\/vc_row]<\/p>\n<\/section>","protected":false},"excerpt":{"rendered":"[vc_row overlay_dotted=\u00a0\u00bb\u00a0\u00bb][vc_column need_animation=\u00a0\u00bb\u00a0\u00bb][\/vc_column][\/vc_row]","protected":false},"author":1,"featured_media":0,"parent":0,"menu_order":0,"comment_status":"closed","ping_status":"closed","template":"","meta":{"footnotes":""},"class_list":["post-920","page","type-page","status-publish","hentry"],"_links":{"self":[{"href":"https:\/\/i-f.fr\/index.php?rest_route=\/wp\/v2\/pages\/920","targetHints":{"allow":["GET"]}}],"collection":[{"href":"https:\/\/i-f.fr\/index.php?rest_route=\/wp\/v2\/pages"}],"about":[{"href":"https:\/\/i-f.fr\/index.php?rest_route=\/wp\/v2\/types\/page"}],"author":[{"embeddable":true,"href":"https:\/\/i-f.fr\/index.php?rest_route=\/wp\/v2\/users\/1"}],"replies":[{"embeddable":true,"href":"https:\/\/i-f.fr\/index.php?rest_route=%2Fwp%2Fv2%2Fcomments&post=920"}],"version-history":[{"count":17,"href":"https:\/\/i-f.fr\/index.php?rest_route=\/wp\/v2\/pages\/920\/revisions"}],"predecessor-version":[{"id":2853,"href":"https:\/\/i-f.fr\/index.php?rest_route=\/wp\/v2\/pages\/920\/revisions\/2853"}],"wp:attachment":[{"href":"https:\/\/i-f.fr\/index.php?rest_route=%2Fwp%2Fv2%2Fmedia&parent=920"}],"curies":[{"name":"wp","href":"https:\/\/api.w.org\/{rel}","templated":true}]}}